{"id":371,"date":"2023-11-21T09:28:08","date_gmt":"2023-11-21T08:28:08","guid":{"rendered":"https:\/\/jornadasdecooperacioninternacional.es\/aviso-legal\/"},"modified":"2025-09-30T13:20:39","modified_gmt":"2025-09-30T11:20:39","slug":"avis-legal","status":"publish","type":"page","link":"https:\/\/jornadasdecooperacioninternacional.es\/val\/avis-legal\/","title":{"rendered":"Av\u00eds Legal"},"content":{"rendered":"<section class=\"l-section wpb_row height_small width_full\"><div class=\"l-section-h i-cf\"><div class=\"g-cols vc_row via_grid cols_custom laptops-cols_inherit tablets-cols_inherit mobiles-cols_1 valign_top type_default stacking_default\" style=\"--columns-gap:0rem;--custom-columns:1.5fr 4fr 0.5fr \"><div class=\"wpb_column vc_column_container\"><div class=\"vc_column-inner\"><div class=\"w-separator size_small\"><\/div><section class=\"l-section wpb_row height_auto width_full\"><div class=\"l-section-h i-cf\"><div class=\"g-cols vc_row via_grid cols_1 laptops-cols_inherit tablets-cols_inherit mobiles-cols_1 valign_top type_default stacking_default\" style=\"--columns-gap:0rem;\"><div class=\"wpb_column vc_column_container\"><div class=\"vc_column-inner\"><div class=\"w-image us_custom_187cf879 centrado align_center\"><div class=\"w-image-h\"><img decoding=\"async\" width=\"1024\" height=\"433\" src=\"https:\/\/jornadasdecooperacioninternacional.es\/wp-content\/uploads\/2024\/03\/la-voz-del-silencio.png\" class=\"attachment-full size-full\" alt=\"\" loading=\"lazy\" srcset=\"https:\/\/jornadasdecooperacioninternacional.es\/wp-content\/uploads\/2024\/03\/la-voz-del-silencio.png 1024w, https:\/\/jornadasdecooperacioninternacional.es\/wp-content\/uploads\/2024\/03\/la-voz-del-silencio-300x127.png 300w\" sizes=\"auto, (max-width: 1024px) 100vw, 1024px\" \/><\/div><\/div><div class=\"w-separator hide_on_tablets hide_on_mobiles size_large\"><\/div><div class=\"w-image us_custom_214cff5d centrado hide_on_tablets hide_on_mobiles align_center\"><div class=\"w-image-h\"><img decoding=\"async\" width=\"1024\" height=\"1080\" src=\"https:\/\/jornadasdecooperacioninternacional.es\/wp-content\/uploads\/2024\/03\/mujer-flores.png\" class=\"attachment-full size-full\" alt=\"\" loading=\"lazy\" srcset=\"https:\/\/jornadasdecooperacioninternacional.es\/wp-content\/uploads\/2024\/03\/mujer-flores.png 1024w, https:\/\/jornadasdecooperacioninternacional.es\/wp-content\/uploads\/2024\/03\/mujer-flores-284x300.png 284w, https:\/\/jornadasdecooperacioninternacional.es\/wp-content\/uploads\/2024\/03\/mujer-flores-971x1024.png 971w\" sizes=\"auto, (max-width: 1024px) 100vw, 1024px\" \/><\/div><\/div><div class=\"w-separator hide_on_default hide_on_laptops size_large\"><\/div><\/div><\/div><\/div><\/div><\/section>\n<div class=\"w-separator size_small\"><\/div><\/div><\/div><div class=\"wpb_column vc_column_container us_custom_82e42b09 has_bg_color\"><div class=\"vc_column-inner\"><div class=\"g-cols wpb_row via_grid cols_1 laptops-cols_inherit tablets-cols_inherit mobiles-cols_1 valign_top type_default stacking_default\" style=\"--columns-gap:3rem;\"><div class=\"wpb_column vc_column_container\"><div class=\"vc_column-inner\"><div class=\"wpb_text_column us_custom_6df4bc3a has_text_color\"><div class=\"wpb_wrapper\"><h1>Av\u00eds Legal<\/h1>\n<\/div><\/div><div class=\"w-separator size_small\"><\/div><div class=\"wpb_text_column us_custom_9d5325e5 has_text_color\"><div class=\"wpb_wrapper\"><p>L&#8217;Excma. Diputaci\u00f3 Provincial d&#8217;Alacant (d&#8217;ara en avant, Diputaci\u00f3 d&#8217;Alacant), responsable del lloc web, posa a la disposici\u00f3 dels usuaris el present document, amb el qual pret\u00e9n donar compliment a les obligacions disposades en la Llei 34\/2002, d&#8217;11 de juliol, de Serveis de la Societat de la Informaci\u00f3 i del Comer\u00e7 Electr\u00f2nic (LSSICE), aix\u00ed com informar a tots els usuaris del lloc web respecte a quins s\u00f3n les condicions d&#8217;\u00fas.<\/p>\n<p>Tota persona que accedisca a este lloc web assumeix el paper d&#8217;usuari, comprometent-se a l&#8217;observan\u00e7a i compliment rigor\u00f3s de les disposicions ac\u00ed disposades, aix\u00ed com a qualsevol altra disposici\u00f3 legal que fora aplicable. La Diputaci\u00f3 Provincial d&#8217;Alacant es reserva el dret de modificar qualsevol tipus d&#8217;informaci\u00f3 que poguera apar\u00e9ixer en el lloc web, sense que existisca obligaci\u00f3 de preavisar o posar en coneixement dels usuaris aquestes obligacions, entenent-se com a suficient amb la publicaci\u00f3 en el lloc web.<\/p>\n<h4>1. DADES IDENTIFICATIVES<\/h4>\n<ul>\n<li>Denominaci\u00f3 social: Excma. Diputaci\u00f3 Provincial d&#8217;Alacant<\/li>\n<li>CIF: P0300000G<\/li>\n<li>Domicili: Avinguda de l&#8217;estaci\u00f3,6 CP 03005 Alacant Tel\u00e8fon 965988900.<\/li>\n<li>E-mail: registro@diputacionalicante.es<\/li>\n<li>Dades del Delegat de Protecci\u00f3 de Dades: Oficina Provincial de Protecci\u00f3 de Dades (OPPD) de la Diputaci\u00f3 Provincial d&#8217;Alacant oficinapd@diputacionalicante.es Tel\u00e8fon 965988900<\/li>\n<\/ul>\n<h4>2. OBJECTE<\/h4>\n<p>A trav\u00e9s del Lloc web, els oferim als Usuaris la possibilitat d&#8217;accedir a la informaci\u00f3 sobre els nostres serveis.<\/p>\n<h4>3. PRIVACITAT I TRACTAMENT DE DADES<\/h4>\n<p>Quan per a l&#8217;acc\u00e9s a determinats continguts o servei siga necessari facilitar dades de car\u00e0cter personal, els Usuaris garantiran la seua veracitat, exactitud, autenticitat i vig\u00e8ncia. La Diputaci\u00f3 Provincial d&#8217;Alacant donar\u00e0 a aquestes dades el tractament automatitzat que corresponga en funci\u00f3 de la seua naturalesa o finalitat, en els termes indicats en la secci\u00f3 de Pol\u00edtica de Privacitat.<\/p>\n<h4>4. PROPIETAT INDUSTRIAL I INTEL\u00b7LECTUAL<\/h4>\n<p>L&#8217;Usuari reconeix i accepta que tots els continguts que es mostren en el Lloc web i especialment, dissenys, textos, imatges, logos, icones, botons, programari, noms comercials, marques, o qualssevol altres signes susceptibles d&#8217;utilitzaci\u00f3 industrial i\/o comercial estan subjectes a drets de Propietat Intel\u00b7lectual i totes les marques, noms comercials o signes distintius, tots els drets de propietat industrial i intel\u00b7lectual, sobre els continguts i\/o qualssevol altres elements inserits en el p\u00e0gina, que s\u00f3n propietat exclusiva de l&#8217;Ajuntament i\/o de tercers, els qui tenen el dret exclusiu d&#8217;utilitzar-los en el tr\u00e0fic econ\u00f2mic.<\/p>\n<p>Per tot aix\u00f2, l&#8217;Usuari es compromet a no reproduir, copiar, distribuir, posar a disposici\u00f3 o de qualsevol altra forma comunicar p\u00fablicament, transformar o modificar tals continguts mantenint indemne a la Diputaci\u00f3 Provincial d&#8217;Alacant de qualsevol reclamaci\u00f3 que es derive de l&#8217;incompliment de tals obligacions. En cap cas l&#8217;acc\u00e9s al Lloc web implica cap mena de ren\u00fancia, transmissi\u00f3, llic\u00e8ncia o cessi\u00f3 total ni parcial d&#8217;aquests drets, llevat que s&#8217;establisca expressament el contrari. Les presents Condicions Generals d&#8217;\u00das del Lloc web no confereixen als Usuaris cap altre dret d&#8217;utilitzaci\u00f3, RH, alteraci\u00f3,<br \/>\nexplotaci\u00f3, reproducci\u00f3, distribuci\u00f3 o comunicaci\u00f3 p\u00fablica del Lloc web i\/o dels seus Continguts diferents dels ac\u00ed expressament previstos. Qualsevol altre \u00fas o explotaci\u00f3 de qualssevol drets estar\u00e0 subjecte a la pr\u00e8via i expressa autoritzaci\u00f3 espec\u00edficament atorgada a aquest efecte per la Diputaci\u00f3 Provincial d&#8217;Alacant o el tercer titular dels drets afectats.<\/p>\n<p>Els continguts, textos, fotografies, dissenys, logotips, imatges, programes d&#8217;ordinador, codis font i, en general, qualsevol creaci\u00f3 intel\u00b7lectual existent en este Espai, aix\u00ed com el propi Espai en el seu conjunt, com a obra art\u00edstica multim\u00e8dia, estan protegits com a drets d&#8217;autor per la legislaci\u00f3 en mat\u00e8ria de propietat intel\u00b7lectual. La Diputaci\u00f3 Provincial d&#8217;Alacant \u00e9s titular dels elements que integren el disseny gr\u00e0fic del Lloc web, els men\u00fas, botons de navegaci\u00f3, el codi HTML, els textos, imatges, textures, gr\u00e0fics i qualsevol altre contingut del Lloc web o, en qualsevol cas, disposa de la corresponent autoritzaci\u00f3 per a la utilitzaci\u00f3 d&#8217;aquests elements. El contingut disposat en el Lloc web no podr\u00e0 ser reprodu\u00eft ni en tot ni en part, ni transm\u00e9s, ni registrat per cap sistema de recuperaci\u00f3 d&#8217;informaci\u00f3, en cap forma ni en cap mitj\u00e0, llevat que es compte amb l&#8217;autoritzaci\u00f3 pr\u00e8via, per escrit, de la citada Entitat. Aix\u00ed mateix, queda prohibit suprimir, eludir i\/o manipular el \u00abcopyright\u00bb aix\u00ed com els dispositius t\u00e8cnics de protecci\u00f3, o qualssevol mecanismes d&#8217;informaci\u00f3 que pogueren contindre els continguts. L&#8217;Usuari d&#8217;este Lloc web es compromet a respectar els drets enunciats i a evitar qualsevol actuaci\u00f3 que poguera perjudicar-los, reservant-se en tot cas la Diputaci\u00f3 Provincial d&#8217;Alacant l&#8217;exercici de quants mitjans o accions legals li corresponguen en defensa dels seus leg\u00edtims drets de propietat intel\u00b7lectual i industrial.<\/p>\n<h4>5. OBLIGACIONS I RESPONSABILITATS DE L&#8217;USUARI DEL LLOC WEB<\/h4>\n<p>L&#8217;Usuari es compromet a:<\/p>\n<p>Fer un \u00fas adequat i l\u00edcit del Lloc web, aix\u00ed com dels continguts i serveis, de conformitat amb: (i) la legislaci\u00f3 aplicable a cada moment; (ii) les Condicions Generals d&#8217;\u00das del Lloc web; (iii) la moral i bons costums generalment<br \/>\nacceptades i (iv) l&#8217;ordre p\u00fablic.<\/p>\n<p>Proveir-se de tots els mitjans i requeriments t\u00e8cnics que es precisen per a accedir al Lloc web.<\/p>\n<p>Facilitar informaci\u00f3 vera\u00e7 en emplenar amb les seues dades de car\u00e0cter personal els formularis continguts en el Lloc web i a mantindre&#8217;ls actualitzats en tot moment de manera que responga, a cada moment, a la situaci\u00f3 real de l&#8217;Usuari. L&#8217;Usuari ser\u00e0 l&#8217;\u00fanic responsable de les manifestacions falses o inexactes que realitze i dels perjudicis que cause a l&#8217;Ajuntament o a tercers per la informaci\u00f3 que facilite.<\/p>\n<p>No obstant aix\u00f2, el que s&#8217;estableix en l&#8217;apartat anterior l&#8217;Usuari deur\u00e0 aix\u00ed mateix abstindre&#8217;s de fer un \u00fas no autoritzat o fraudulent del Lloc web i\/o dels continguts amb finalitats o efectes il\u00b7l\u00edcits, prohibits en les presents Condicions Generals d&#8217;\u00das, lesius dels drets i interessos de tercers, o que de qualsevol forma puguen danyar, inutilitzar, sobrecarregar, deteriorar o impedir la normal utilitzaci\u00f3 dels serveis o els documents, arxius i tota classe de continguts emmagatzemats en qualsevol equip inform\u00e0tic.<\/p>\n<p>Accedir o intentar accedir a recursos o \u00e0rees restringides del Lloc web, sense complir les condicions exigides per a aquest acc\u00e9s.<br \/>\nProvocar danys en els sistemes f\u00edsics o l\u00f2gics del Lloc web, dels seus prove\u00efdors o de tercers.<\/p>\n<p>Introduir o difondre en la xarxa virus inform\u00e0tics o qualssevol altres sistemes f\u00edsics o l\u00f2gics que siguen susceptibles de provocar danys en els sistemes f\u00edsics o l\u00f2gics de l&#8217;Ajuntament, prove\u00efdors o de tercers.<\/p>\n<p>Intentar accedir, utilitzar i\/o manipular les dades de l&#8217;Ajuntament, tercers prove\u00efdors i altres Usuaris.<\/p>\n<p>Reproduir o copiar, distribuir, permetre l&#8217;acc\u00e9s del p\u00fablic a trav\u00e9s de qualsevol modalitat de comunicaci\u00f3 p\u00fablica, transformar o modificar els continguts, llevat que es compte amb l&#8217;autoritzaci\u00f3 del titular dels corresponents drets o aix\u00f2 resulte legalment perm\u00e9s.<\/p>\n<p>Suprimir, ocultar o manipular les notes sobre drets de propietat intel\u00b7lectual o industrial i altres dades identificatives dels drets de l&#8217;Ajuntament o de tercers incorporats als continguts, aix\u00ed com els dispositius t\u00e8cnics de protecci\u00f3 o qualssevol mecanismes d&#8217;informaci\u00f3 que puguen inserir-se en els continguts.<\/p>\n<p>Obtindre i intentar obtindre els continguts emprant per a aix\u00f2 mitjans o procediments diferents dels que, segons els casos, s&#8217;hagen posat a la seua disposici\u00f3 a este efecte o s&#8217;hagen indicat expressament en les p\u00e0gines web on es troben els continguts o, en general, dels que s&#8217;empren habitualment en Internet per no comportar un risc de mal o inutilitzaci\u00f3 del Lloc web i\/o dels<br \/>\ncontinguts.<\/p>\n<p>En particular, i a t\u00edtol merament indicatiu i no exhaustiu, l&#8217;Usuari es compromet a no transmetre, difondre o posar a la disposici\u00f3 de tercers informacions, dades, continguts, missatges, gr\u00e0fics, dibuixos, arxius de so i\/o imatge, fotografies, gravacions, programari i, en general, qualsevol classe de material que:<\/p>\n<ul>\n<li>De qualsevol forma siga contrari, menyspree o atempte contra els drets fonamentals i les llibertats p\u00fabliques reconegudes constitucionalment, en els Tractats Internacionals i en la resta de la legislaci\u00f3 vigent.<\/li>\n<li>Indu\u00efsca, incite o promoga actuacions delictives, denigrat\u00f2ries, difamat\u00f2ries, violentes o, en general, contr\u00e0ries a la llei, a la moral, als bons costums generalment acceptades o a l&#8217;ordre p\u00fablic.<\/li>\n<li>Indu\u00efsca, incite o promoga actuacions, actituds o pensaments discriminatoris per ra\u00f3 de sexe, ra\u00e7a, religi\u00f3, creences, edat o condici\u00f3.<\/li>\n<li>Incorpore, pose a disposici\u00f3 o permeta accedir a productes, elements, missatges i\/o serveis delictius, violents, ofensius, nocius, degradants o, en general, contraris a la llei, a la moral i als bons costums generalment acceptades o a l&#8217;ordre p\u00fablic. Indu\u00efsca o puga induir a un estat inacceptable d&#8217;ansietat o temor.<\/li>\n<li>Indu\u00efsca o incite a involucrar-se en pr\u00e0ctiques perilloses, de risc o nocives per a la salut i l&#8217;equilibri ps\u00edquic.<\/li>\n<li>Es troba protegit per la legislaci\u00f3 en mat\u00e8ria de protecci\u00f3 intel\u00b7lectual o industrial pertanyent a la societat o a tercers sense que haja sigut autoritzat l&#8217;\u00fas que es pretenga realitzar.<\/li>\n<li>Siga contrari a l&#8217;honor, a la intimitat personal i familiar o a la pr\u00f2pia imatge de les persones.<\/li>\n<li>Constitu\u00efsca qualsevol tipus de publicitat.<\/li>\n<li>Incloga qualsevol tipus de virus o programa que impedisca el normal funcionament del Lloc web.<\/li>\n<\/ul>\n<p>Si per a accedir a alguns dels serveis i\/o continguts del Lloc web, se li proporcionara una contrasenya, s&#8217;obliga a usar-la de manera diligent, mantenint-la en tot moment en secret. En conseq\u00fc\u00e8ncia, ser\u00e0 responsable de la seua adequada cust\u00f2dia i confidencialitat, comprometent-se a no cedir-la a tercers, de manera temporal o permanent, ni a permetre l&#8217;acc\u00e9s als esmentats serveis i\/o continguts per part de persones alienes. Igualment, s&#8217;obliga a notificar a la societat qualsevol fet que puga suposar un \u00fas indegut de la seua contrasenya, com, a t\u00edtol enunciatiu, el seu robatori, extraviament o l&#8217;acc\u00e9s no autoritzat, amb la finalitat de procedir a la seua immediata cancel\u00b7laci\u00f3. En conseq\u00fc\u00e8ncia, mentre no efectue la notificaci\u00f3 anterior, la Diputaci\u00f3 quedar\u00e0 eximida de qualsevol responsabilitat que poguera derivar-se de l&#8217;\u00fas indegut de la seua contrasenya, sent de la seua responsabilitat qualsevol utilitzaci\u00f3 il\u00b7l\u00edcita dels continguts i\/o serveis del Lloc web per qualsevol tercer il\u00b7leg\u00edtim. Si de manera negligent o dolosa incomplira qualsevol de les obligacions establides en les presents Condicions Generals d&#8217;\u00das, respondr\u00e0 per tots els danys i perjudicis que d&#8217;aquest incompliment pogueren derivar-se per a l&#8217;Ajuntament.<\/p>\n<h4>6. RESPONSABILITATS<\/h4>\n<p>No es garanteix l&#8217;acc\u00e9s continuat, ni la correcta visualitzaci\u00f3, desc\u00e0rrega o utilitat dels elements i informacions contingudes en la web que puguen veure&#8217;s impedits, dificultats o interromputs per factors o circumst\u00e0ncies que estan fora del seu control. No es fa responsable de les decisions que pogueren adoptar-se a conseq\u00fc\u00e8ncia de l&#8217;acc\u00e9s als continguts o informacions oferides.<\/p>\n<p>Es podr\u00e0 interrompre el servei, o resoldre de mode immediat la relaci\u00f3 amb l&#8217;Usuari, si es detecta que un \u00fas del seu Lloc web, o de qualsevol dels serveis oferits en este, \u00e9s contrari a les presents Condicions Generals d&#8217;\u00das. No ens fem responsables per danys, perjudicis, p\u00e8rdues, reclamacions o despeses derivades de l&#8217;\u00fas del Lloc web.<\/p>\n<p>\u00danicament ser\u00e0 responsable d&#8217;eliminar, al m\u00e9s prompte possible, els continguts que puguen generar tals perjudicis, sempre que aix\u00ed es notifique. Especialment no serem responsables dels perjudicis que es pogueren derivar, entre altres, de:<\/p>\n<ul>\n<li>Interfer\u00e8ncies, interrupcions, fallades, omissions, avaries telef\u00f2niques, retards, bloquejos o desconnexions en el funcionament del sistema electr\u00f2nic, motivades per defici\u00e8ncies, sobrec\u00e0rregues i errors en les l\u00ednies i xarxes de telecomunicacions, o per qualsevol altra causa aliena al control de la Diputaci\u00f3 Provincial d&#8217;Alacant.<\/li>\n<li>Intromissions il\u00b7leg\u00edtimes mitjan\u00e7ant l&#8217;\u00fas de programes malignes de qualsevol tipus i a trav\u00e9s de qualsevol mitj\u00e0 de comunicaci\u00f3, com ara virus inform\u00e0tics o qualssevol altres.<\/li>\n<li>Ab\u00fas indegut o inadequat del Lloc web.<\/li>\n<li>Errors de seguretat o navegaci\u00f3 produ\u00efts per un mal funcionament del navegador o per l&#8217;\u00fas de versions no actualitzades d&#8217;este. L&#8217;administrador del Lloc web es reserven el dret de retirar, totalment o parcialment, qualsevol contingut o informaci\u00f3 present en el Lloc web.<\/li>\n<\/ul>\n<p>La Diputaci\u00f3 Provincial d&#8217;Alacant exclou qualsevol responsabilitat pels danys i perjudicis de tota naturalesa que pogueren deure&#8217;s a la mala utilitzaci\u00f3 dels serveis de lliure disposici\u00f3 i \u00fas per part dels Usuaris de Lloc web. Aix\u00ed mateix, queda exonerat de qualsevol responsabilitat pel contingut i informacions que puguen ser rebudes a conseq\u00fc\u00e8ncia dels formularis de recollida de dades, estant els mateixos \u00fanicament per a la prestaci\u00f3 dels serveis de consultes i dubtes. D&#8217;altra banda, en cas de causar danys i perjudicis per un \u00fas il\u00b7l\u00edcit o incorrecte d&#8217;aquests serveis, podr\u00e0 ser l&#8217;Usuari reclamat pels danys o perjudicis causats.<\/p>\n<p>Vost\u00e9 mantindr\u00e0 a la Diputaci\u00f3 Provincial d&#8217;Alacant indemne enfront de qualssevol danys i perjudicis que es deriven de reclamacions, accions o demandes de tercers a conseq\u00fc\u00e8ncia del seu acc\u00e9s o \u00fas del Lloc web. Aix\u00ed mateix, vost\u00e9 s&#8217;obliga a indemnitzar enfront de qualssevol danys i perjudicis, que es deriven de l&#8217;\u00fas per la seua part de \u201crobots\u201d, \u201cspiders\u201d, \u201ccrawlers\u201d o eines similars empleades amb la finalitat de recaptar o extraure dades o de qualsevol altra actuaci\u00f3 per la seua part que impose una<br \/>\nc\u00e0rrega desraonada sobre el funcionament del Lloc web.<\/p>\n<h4>7. ENLLA\u00c7OS<\/h4>\n<p>L&#8217;Usuari s&#8217;obliga a no reproduir de cap mode, ni tan sols mitjan\u00e7ant un enlla\u00e7 o enlla\u00e7, el Lloc web, aix\u00ed com cap dels seus continguts, excepte autoritzaci\u00f3 expressa i per escrit del responsable del fitxer.<\/p>\n<p>Es concedeix a l&#8217;Usuari un dret limitat, revocable i no exclusiu a crear enlla\u00e7os a la p\u00e0gina principal del Lloc web exclusivament per a \u00fas privat i no comercial. Els Espais web que incloguen enlla\u00e7 al nostre Lloc web (i) no podran falsejar la seua relaci\u00f3 ni afirmar que s&#8217;ha autoritzat tal enlla\u00e7, ni incloure marques, denominacions, noms comercials, logotips o altres signes distintius de la nostra societat; (ii) no podran incloure continguts que puguen considerar-se de mal gust, obscens, ofensius, controvertits, que inciten a la viol\u00e8ncia o la discriminaci\u00f3 per ra\u00f3 de sexe, ra\u00e7a o religi\u00f3, contraris a l&#8217;ordre p\u00fablic o il\u00b7l\u00edcits; (iii) no podran enlla\u00e7ar a cap p\u00e0gina del Lloc web diferent de la p\u00e0gina principal; (iv) haur\u00e0 d&#8217;enlla\u00e7ar amb la pr\u00f2pia adre\u00e7a del Lloc web, sense permetre que el Lloc web que realitze l&#8217;enlla\u00e7 reprodu\u00efsca el Lloc web com a part del seu web o dins d&#8217;un dels seus \u201cframes\u201d o crear un \u201cbrowser\u201d sobre qualsevol de les p\u00e0gines del Lloc web. L&#8217;Ajuntament podr\u00e0 sol\u00b7licitar, en<br \/>\nqualsevol moment, que elimine qualsevol enlla\u00e7 al Lloc web, despr\u00e9s de la qual cosa haur\u00e0 de procedir immediatament a la seua eliminaci\u00f3.<\/p>\n<p>La Diputaci\u00f3 Provincial d&#8217;Alacant no pot controlar la informaci\u00f3, continguts, productes o serveis facilitats per altres Espais web que tinguen establits enlla\u00e7os amb destinaci\u00f3 al Lloc web.<\/p>\n<h4>8. PROTECCI\u00d3 DE DADES<\/h4>\n<p>Per a utilitzar alguns dels Serveis, l&#8217;Usuari ha de proporcionar pr\u00e8viament unes certes dades de car\u00e0cter personal. La Diputaci\u00f3 Provincial d&#8217;Alacant tractar\u00e0 automatitzadament estes dades i aplicar\u00e0 les corresponents mesures de seguretat, tot aix\u00f2 en compliment de la normativa vigent. L&#8217;Usuari pot accedir a la pol\u00edtica seguida en el tractament de les dades personals, aix\u00ed com l&#8217;establiment de les finalitats pr\u00e8viament establides, en les condicions definides en la Pol\u00edtica de Privacitat.<\/p>\n<h4>9. COOKIES<\/h4>\n<p>L&#8217;Ajuntament es reserva el dret d&#8217;utilitzar la tecnologia \u201ccookie\u201d en el Lloc web, a fi de recon\u00e9ixer-lo com a Usuari freq\u00fcent i personalitzar l&#8217;\u00fas que realitze del Lloc web mitjan\u00e7ant la preselecci\u00f3 del seu idioma, o continguts m\u00e9s desitjats o espec\u00edfics.<\/p>\n<p>Les cookies s\u00f3n fitxers enviats a un navegador, per mitj\u00e0 d&#8217;un servidor Web, per a registrar la navegaci\u00f3 de l&#8217;Usuari en el Lloc web, quan l&#8217;Usuari permeta la seua recepci\u00f3. Si vost\u00e9 ho desitja pot configurar el seu navegador per a ser avisat en pantalla de la recepci\u00f3 de cookies i per a impedir la instal\u00b7laci\u00f3 de cookies en el seu disc dur. Per favor consulte les instruccions i manuals del seu navegador per a ampliar esta informaci\u00f3.<\/p>\n<p>Gr\u00e0cies a les cookies, resulta possible que es puga recon\u00e9ixer el navegador de l&#8217;ordinador utilitzat per l&#8217;Usuari amb la finalitat de facilitar continguts i oferir les prefer\u00e8ncies de navegaci\u00f3 o publicit\u00e0ries que l&#8217;Usuari, als perfils demogr\u00e0fics dels Usuaris, aix\u00ed com per a mesurar les visites i par\u00e0metres del tr\u00e0nsit, controlar el progr\u00e9s i nombre d&#8217;entrades.<\/p>\n<h4>10. DECLARACIONS I GARANTIES<\/h4>\n<p>En general, els continguts i serveis oferits en el Lloc web tenen car\u00e0cter merament informatiu. Per conseg\u00fcent, en oferir-los, no s&#8217;atorga garantia ni cap declaraci\u00f3 en relaci\u00f3 amb els continguts i serveis oferits en el Lloc web, incloent, a t\u00edtol enunciatiu, garanties de licitud, fiabilitat, utilitat, veracitat, exactitud, o comerciabilitat, excepte en la mesura en qu\u00e8 per llei no puguen excloure&#8217;s tals declaracions i garanties.<\/p>\n<h4>11. FOR\u00c7A MAJOR<\/h4>\n<p>La Diputaci\u00f3 Provincial d&#8217;Alacant no ser\u00e0 responsable en tot cas de la impossibilitat de prestar servei, si esta es deu a interrupcions prolongades del subministrament el\u00e8ctric, l\u00ednies de telecomunicacions, conflictes socials, vagues, rebel\u00b7li\u00f3, explosions, inundacions, actes i omissions del Govern, i en general tots els sup\u00f2sits de for\u00e7a major o de cas fortu\u00eft.<\/p>\n<h4>12. RESOLUCI\u00d3 DE CONTROV\u00c8RSIES. LLEI APLICABLE I JURISDICCI\u00d3<\/h4>\n<p>Les presents Condicions Generals d&#8217;\u00das, aix\u00ed com l&#8217;\u00fas del Lloc web, es regiran per la legislaci\u00f3 espanyola. Per a la resoluci\u00f3 de qualsevol controv\u00e8rsia les parts se sotmetran als Jutjats i Tribunals del domicili social del Responsable del lloc web.<\/p>\n<p>En el cas que qualsevol estipulaci\u00f3 de les presents Condicions Generals d&#8217;\u00das resultara inexigible o nul\u00b7la en virtut de la legislaci\u00f3 aplicable o a conseq\u00fc\u00e8ncia d&#8217;una resoluci\u00f3 judicial o administrativa, aquesta inexigibilitat o nul\u00b7litat no far\u00e0 que les presents Condicions Generals d&#8217;\u00das resulten inexigibles o nul\u00b7les en el seu conjunt. En aquests casos, la Diputaci\u00f3 Provincial d&#8217;Alacant procedir\u00e0 a la modificaci\u00f3 o substituci\u00f3 d&#8217;aquesta estipulaci\u00f3 per una altra que siga v\u00e0lida i exigible i que, en la mesura que siga possible, aconseguisca l&#8217;objectiu i pretensi\u00f3 reflectits en l&#8217;estipulaci\u00f3 original.<\/p>\n<\/div><\/div><\/div><\/div><\/div><\/div><\/div><div class=\"wpb_column vc_column_container\"><div class=\"vc_column-inner\"><\/div><\/div><\/div><\/div><\/section>\n","protected":false},"excerpt":{"rendered":"Av\u00eds Legal L&#8217;Excma. Diputaci\u00f3 Provincial d&#8217;Alacant (d&#8217;ara en avant, Diputaci\u00f3 d&#8217;Alacant), responsable del lloc web, posa a la disposici\u00f3 dels usuaris el present document, amb el qual pret\u00e9n donar compliment a les obligacions disposades en la Llei 34\/2002, d&#8217;11 de juliol, de Serveis de la Societat de la Informaci\u00f3 i del Comer\u00e7 Electr\u00f2nic (LSSICE), aix\u00ed...","protected":false},"author":5,"featured_media":0,"parent":0,"menu_order":0,"comment_status":"closed","ping_status":"closed","template":"","meta":{"footnotes":""},"class_list":["post-371","page","type-page","status-publish","hentry"],"_links":{"self":[{"href":"https:\/\/jornadasdecooperacioninternacional.es\/val\/wp-json\/wp\/v2\/pages\/371","targetHints":{"allow":["GET"]}}],"collection":[{"href":"https:\/\/jornadasdecooperacioninternacional.es\/val\/wp-json\/wp\/v2\/pages"}],"about":[{"href":"https:\/\/jornadasdecooperacioninternacional.es\/val\/wp-json\/wp\/v2\/types\/page"}],"author":[{"embeddable":true,"href":"https:\/\/jornadasdecooperacioninternacional.es\/val\/wp-json\/wp\/v2\/users\/5"}],"replies":[{"embeddable":true,"href":"https:\/\/jornadasdecooperacioninternacional.es\/val\/wp-json\/wp\/v2\/comments?post=371"}],"version-history":[{"count":5,"href":"https:\/\/jornadasdecooperacioninternacional.es\/val\/wp-json\/wp\/v2\/pages\/371\/revisions"}],"predecessor-version":[{"id":727,"href":"https:\/\/jornadasdecooperacioninternacional.es\/val\/wp-json\/wp\/v2\/pages\/371\/revisions\/727"}],"wp:attachment":[{"href":"https:\/\/jornadasdecooperacioninternacional.es\/val\/wp-json\/wp\/v2\/media?parent=371"}],"curies":[{"name":"wp","href":"https:\/\/api.w.org\/{rel}","templated":true}]}}